{"id":310,"date":"2026-01-16T07:25:28","date_gmt":"2026-01-16T07:25:28","guid":{"rendered":"https:\/\/zahnarztpraxis-grolms.de\/?page_id=310"},"modified":"2026-02-05T21:46:51","modified_gmt":"2026-02-05T21:46:51","slug":"elementor-310","status":"publish","type":"page","link":"https:\/\/zahnarztpraxis-grolms.de\/?page_id=310","title":{"rendered":"Impressum"},"content":{"rendered":"\t\t<div data-elementor-type=\"wp-page\" data-elementor-id=\"310\" class=\"elementor elementor-310\" data-elementor-post-type=\"page\">\n\t\t\t\t<div class=\"elementor-element elementor-element-31829be e-flex e-con-boxed e-con e-parent\" data-id=\"31829be\" data-element_type=\"container\">\n\t\t\t\t\t<div class=\"e-con-inner\">\n\t\t\t\t<div class=\"elementor-element elementor-element-0a69172 elementor-widget elementor-widget-text-editor\" data-id=\"0a69172\" data-element_type=\"widget\" data-widget_type=\"text-editor.default\">\n\t\t\t\t\t\t\t\t\t<h1 class=\"p1\">Impressum<\/h1>\n<p class=\"p2\">Zahnarztpraxis Dres. Lavinia und Oliver Grolms<\/p>\n<p class=\"p2\">Lange Gasse 7<\/p>\n<p class=\"p2\">91174 Spalt<\/p>\n<p class=\"p2\">Vertreten durch:<\/p>\n<p class=\"p2\">Dr. Oliver Grolms<\/p>\n<h2 class=\"p3\">Kontakt<\/h2>\n<p class=\"p2\">Telefon: +49 (0) 9175-90 74 28<\/p>\n<p class=\"p2\">Telefax: +49 (0) 9175 90 74 20<\/p>\n<p class=\"p2\">E-Mail: info@zahnarztpraxis-grolms.de<\/p>\n<h2 class=\"p3\">Aufsichtsbeh\u00f6rde<\/h2>\n<p class=\"p2\">Regierung von Mittelfranken<\/p>\n<p class=\"p2\">Promenade 27<\/p>\n<p class=\"p2\">91522 Ansbach<\/p>\n<p class=\"p4\">https:\/\/www.regierung.mittelfranken.bayern.de\/<\/p>\n<h2 class=\"p3\">Berufsbezeichnung und berufsrechtliche Regelungen<\/h2>\n<p class=\"p2\">Berufsbezeichnung:&nbsp;<span style=\"font-size: 1rem;\">Zahn\u00e4rzte<\/span><\/p>\n<p class=\"p2\">Zust\u00e4ndige Kammer:<\/p>\n<p class=\"p2\">Bayerische Landeszahn\u00e4rztekammer<br><span style=\"font-size: 1rem;\">Fl\u00f6\u00dfergasse 1<br><\/span><span style=\"font-size: 1rem;\">81369 M\u00fcnchen<\/span><\/p>\n<p class=\"p2\">Verliehen in:<\/p>\n<p class=\"p2\">Bundesrepublik Deutschland<\/p>\n<p class=\"p2\">Es gelten folgende berufsrechtliche Regelungen:<\/p>\n<p class=\"p2\"><b>Berufsordnung f\u00fcr die bayerischen Zahn\u00e4rzte<br><\/b><span style=\"font-size: 1rem;\">einsehbar unter:<\/span><\/p>\n<p class=\"p4\">https:\/\/www.blzk.de\/blzk\/site.nsf\/gfx\/berufsordnung.pdf\/$file\/berufsordnung.pdf<\/p>\n<p class=\"p2\"><b>Geb\u00fchrenordnung f\u00fcr Zahn\u00e4rzte<br><\/b><span style=\"font-size: 1rem;\">einsehbar unter:<\/span><\/p>\n<p class=\"p4\">http:\/\/www.gesetze-im-internet.de\/goz_1987\/BJNR023160987.html<\/p>\n<p class=\"p2\"><b>Heilberufe-Kammergesetz<br><\/b><span style=\"font-size: 1rem;\">einsehbar unter:<\/span><\/p>\n<p class=\"p4\">https:\/\/www.gesetze-bayern.de\/Content\/Document\/BayHKaG\/true<\/p>\n<p class=\"p2\"><b>Zahnheilkundegesetz<br><\/b><span style=\"font-size: 1rem;\">einsehbar unter:<\/span><\/p>\n<p class=\"p4\">http:\/\/www.gesetze-im-internet.de\/zhg\/<\/p>\n<p class=\"p3\"><b>Angaben zur Berufshaftpflichtversicherung<\/b><\/p>\n<p class=\"p2\">Name und Sitz des Versicherers:<\/p>\n<p class=\"p2\">Alte Leipziger Vers. AG<br><span style=\"font-size: 1rem;\">Alte Leipziger-Platz 1<br><\/span><span style=\"font-size: 1rem;\">61440 Oberursel (Taunus)<\/span><\/p>\n<p class=\"p2\">Geltungsraum der Versicherung:<\/p>\n<p class=\"p2\">Bundesrepublik Deutschland<\/p>\n<h2 class=\"p3\">Verbraucherstreitbeilegung\/Universalschlichtungsstelle<\/h2>\n<p class=\"p2\">Wir sind nicht bereit oder verpflichtet, an Streitbeilegungsverfahren vor einer<\/p>\n<p class=\"p2\">Verbraucherschlichtungsstelle teilzunehmen.<\/p>\t\t\t\t\t\t\t\t<\/div>\n\t\t\t\t\t<\/div>\n\t\t\t\t<\/div>\n\t\t\t\t<\/div>\n\t\t","protected":false},"excerpt":{"rendered":"<p>Impressum Zahnarztpraxis Dres. Lavinia und Oliver Grolms Lange Gasse 7 91174 Spalt Vertreten durch: Dr. Oliver Grolms Kontakt Telefon: +49 (0) 9175-90 74 28 Telefax: +49 (0) 9175 90 74 20 E-Mail: info@zahnarztpraxis-grolms.de Aufsichtsbeh\u00f6rde Regierung von Mittelfranken Promenade 27 91522 Ansbach https:\/\/www.regierung.mittelfranken.bayern.de\/ Berufsbezeichnung und berufsrechtliche Regelungen Berufsbezeichnung:&nbsp;Zahn\u00e4rzte Zust\u00e4ndige Kammer: Bayerische Landeszahn\u00e4rztekammerFl\u00f6\u00dfergasse 181369 M\u00fcnchen Verliehen in: [&hellip;]<\/p>\n","protected":false},"author":2,"featured_media":0,"parent":0,"menu_order":0,"comment_status":"closed","ping_status":"closed","template":"","meta":{"footnotes":""},"class_list":["post-310","page","type-page","status-publish","hentry"],"_links":{"self":[{"href":"https:\/\/zahnarztpraxis-grolms.de\/index.php?rest_route=\/wp\/v2\/pages\/310","targetHints":{"allow":["GET"]}}],"collection":[{"href":"https:\/\/zahnarztpraxis-grolms.de\/index.php?rest_route=\/wp\/v2\/pages"}],"about":[{"href":"https:\/\/zahnarztpraxis-grolms.de\/index.php?rest_route=\/wp\/v2\/types\/page"}],"author":[{"embeddable":true,"href":"https:\/\/zahnarztpraxis-grolms.de\/index.php?rest_route=\/wp\/v2\/users\/2"}],"replies":[{"embeddable":true,"href":"https:\/\/zahnarztpraxis-grolms.de\/index.php?rest_route=%2Fwp%2Fv2%2Fcomments&post=310"}],"version-history":[{"count":16,"href":"https:\/\/zahnarztpraxis-grolms.de\/index.php?rest_route=\/wp\/v2\/pages\/310\/revisions"}],"predecessor-version":[{"id":380,"href":"https:\/\/zahnarztpraxis-grolms.de\/index.php?rest_route=\/wp\/v2\/pages\/310\/revisions\/380"}],"wp:attachment":[{"href":"https:\/\/zahnarztpraxis-grolms.de\/index.php?rest_route=%2Fwp%2Fv2%2Fmedia&parent=310"}],"curies":[{"name":"wp","href":"https:\/\/api.w.org\/{rel}","templated":true}]}}